{"id":519,"date":"2022-08-11T12:14:05","date_gmt":"2022-08-11T10:14:05","guid":{"rendered":"https:\/\/nextbike-live.pluspol-networks.de\/palma\/proteccion-de-datos\/"},"modified":"2024-06-18T17:02:55","modified_gmt":"2024-06-18T15:02:55","slug":"proteccio-de-dades","status":"publish","type":"page","link":"https:\/\/www.bicipalma.com\/palma\/ca\/proteccio-de-dades\/","title":{"rendered":"Protecci\u00f3 de dades"},"content":{"rendered":"<div class=\"wpb-content-wrapper\"><p>[vc_row][vc_column][vc_column_text]<div class=\"ppi_privacy ppi_content\"><h1>Pol\u00edtica de privacitat de dades<\/h1>\n<p><strong>Nom i adre\u00e7a del responsable<\/strong><\/p>\n<p align=\"justify\">L\u2019entitat responsable, de conformitat amb el Reglament General de Protecci\u00f3 de Dades Personals i Llei org\u00e0nica 3\/2018 de Protecci\u00f3 de Dades Personals i garantia de drets digitals \u00e9s:<\/p>\n<p><strong>Societat Municipal d&#8217;Aparcaments i Projectes, S.A<\/strong><br \/>\nCarrer de Sant Joan de la Salle, 6<br \/>\n07003 Palma<br \/>\nTel\u00e8fon:\u00a0<a href=\"tel:+34971214646\">+34 971 214 646<\/a><br \/>\nAdre\u00e7a electr\u00f2nica:\u00a0<a href=\"mailto:bicipalma@palma.cat\">bicipalma@palma.cat<\/a>;\u00a0<a href=\"mailto:dpd@smap.palma.cat\">dpd@smap.palma.cat<\/a><\/p>\n<p><strong>Horari servei t\u00e8cnic:<\/strong><\/p>\n<p>De dilluns a diumenge de 7:30 a 22:30<\/p>\n<p align=\"justify\">La navegaci\u00f3 a la nostra p\u00e0gina web \u00e9s possible sense proporcionar dades personals. En la mesura que s\u2019obtenguin dades personals per part nostra (per exemple nom, adre\u00e7a o adreces de correu electr\u00f2nic), aix\u00f2 es realitza d\u2019acord a les normes aplicables i la nostra pol\u00edtica de privacitat.<\/p>\n<p>&nbsp;<\/p>\n<p align=\"justify\">A continuaci\u00f3, us informem sobre el tipus, abast i finalitat de la recollida, \u00fas i tractament de dades personals per part nostra en els seg\u00fcents textos legals.<\/p>\n<h4 class=\"ppi_download_headline\">Desc\u00e0rregues<\/h4><div class=\"ppi_download_row ppi_row\"><div class=\"ppi_download_col ppi_col-md-6\"><p class=\"ppi_download_desc\">Pol\u00edtica de privacitat BiciPalma WEB (CA)<\/p><a aria-label=\"S&#039;obre en una pestanya nova\" href=\"https:\/\/www.bicipalma.com\/palma\/wp-content\/uploads\/sites\/90\/2024\/12\/Politica-de-privacitat-Bicipalma-WEB-des24-CA.pdf\" target=\"_blank\" class=\"ppi_download_link\"><strong>Descarregar<\/strong><\/a><\/div><div class=\"ppi_download_col ppi_col-md-6\"><p class=\"ppi_download_desc\">Data privacy policy Bicipalma WEB (EN)<\/p><a aria-label=\"S&#039;obre en una pestanya nova\" href=\"https:\/\/www.bicipalma.com\/palma\/wp-content\/uploads\/sites\/90\/2024\/12\/Data-privacy-policy-Bicipalma-WEB-dec24-EN.pdf\" target=\"_blank\" class=\"ppi_download_link\"><strong>Descarregar<\/strong><\/a><\/div><\/div><h4 class=\"ppi_download_headline\"><\/h4><div class=\"ppi_download_row ppi_row\"><div class=\"ppi_download_col ppi_col-md-6\"><p class=\"ppi_download_desc\">Pol\u00edtica de privacitat BiciPalma APP (CA)<\/p><a aria-label=\"S&#039;obre en una pestanya nova\" href=\"https:\/\/www.bicipalma.com\/palma\/wp-content\/uploads\/sites\/90\/2024\/12\/Politica-de-privacitat-Bicipalma-APP-des24-CA.pdf\" target=\"_blank\" class=\"ppi_download_link\"><strong>Descarregar<\/strong><\/a><\/div><div class=\"ppi_download_col ppi_col-md-6\"><p class=\"ppi_download_desc\">Data privacy policy Bicipalma APP (EN)<\/p><a aria-label=\"S&#039;obre en una pestanya nova\" href=\"https:\/\/www.bicipalma.com\/palma\/wp-content\/uploads\/sites\/90\/2024\/12\/Data-privacy-policy-Bicipalma-APP-dec24-EN.pdf\" target=\"_blank\" class=\"ppi_download_link\"><strong>Descarregar<\/strong><\/a><\/div><\/div><\/div>[\/vc_column_text][\/vc_column][\/vc_row]<\/p>\n<\/div>","protected":false},"excerpt":{"rendered":"<p>[vc_row][vc_column][vc_column_text][\/vc_column_text][\/vc_column][\/vc_row]<\/p>\n","protected":false},"author":5,"featured_media":0,"parent":0,"menu_order":0,"comment_status":"closed","ping_status":"closed","template":"page-bubble.php","meta":{"_acf_changed":false,"inline_featured_image":false,"footnotes":""},"class_list":["post-519","page","type-page","status-publish","hentry"],"acf":[],"yoast_head":"<!-- This site is optimized with the Yoast SEO plugin v27.2 - https:\/\/yoast.com\/product\/yoast-seo-wordpress\/ -->\n<title>Protecci\u00f3 de dades - BiciPalma<\/title>\n<meta name=\"robots\" content=\"index, follow, max-snippet:-1, max-image-preview:large, max-video-preview:-1\" \/>\n<link rel=\"canonical\" href=\"https:\/\/www.bicipalma.com\/palma\/ca\/proteccio-de-dades\/\" \/>\n<meta property=\"og:locale\" content=\"ca_ES\" \/>\n<meta property=\"og:type\" content=\"article\" \/>\n<meta property=\"og:title\" content=\"Protecci\u00f3 de dades - BiciPalma\" \/>\n<meta property=\"og:description\" content=\"[vc_row][vc_column][vc_column_text][\/vc_column_text][\/vc_column][\/vc_row]\" \/>\n<meta property=\"og:url\" content=\"https:\/\/www.bicipalma.com\/palma\/ca\/proteccio-de-dades\/\" \/>\n<meta property=\"og:site_name\" content=\"BiciPalma\" \/>\n<meta property=\"article:modified_time\" content=\"2024-06-18T15:02:55+00:00\" \/>\n<meta name=\"twitter:card\" content=\"summary_large_image\" \/>\n<script type=\"application\/ld+json\" class=\"yoast-schema-graph\">{\"@context\":\"https:\/\/schema.org\",\"@graph\":[{\"@type\":\"WebPage\",\"@id\":\"https:\/\/www.bicipalma.com\/palma\/ca\/proteccio-de-dades\/\",\"url\":\"https:\/\/www.bicipalma.com\/palma\/ca\/proteccio-de-dades\/\",\"name\":\"Protecci\u00f3 de dades - BiciPalma\",\"isPartOf\":{\"@id\":\"https:\/\/www.bicipalma.com\/palma\/ca\/#website\"},\"datePublished\":\"2022-08-11T10:14:05+00:00\",\"dateModified\":\"2024-06-18T15:02:55+00:00\",\"breadcrumb\":{\"@id\":\"https:\/\/www.bicipalma.com\/palma\/ca\/proteccio-de-dades\/#breadcrumb\"},\"inLanguage\":\"ca\",\"potentialAction\":[{\"@type\":\"ReadAction\",\"target\":[\"https:\/\/www.bicipalma.com\/palma\/ca\/proteccio-de-dades\/\"]}]},{\"@type\":\"BreadcrumbList\",\"@id\":\"https:\/\/www.bicipalma.com\/palma\/ca\/proteccio-de-dades\/#breadcrumb\",\"itemListElement\":[{\"@type\":\"ListItem\",\"position\":1,\"name\":\"Startseite\",\"item\":\"https:\/\/www.bicipalma.com\/palma\/ca\/\"},{\"@type\":\"ListItem\",\"position\":2,\"name\":\"Protecci\u00f3 de dades\"}]},{\"@type\":\"WebSite\",\"@id\":\"https:\/\/www.bicipalma.com\/palma\/ca\/#website\",\"url\":\"https:\/\/www.bicipalma.com\/palma\/ca\/\",\"name\":\"BiciPalma\",\"description\":\"Eine weitere Nextbike Websites Website \",\"potentialAction\":[{\"@type\":\"SearchAction\",\"target\":{\"@type\":\"EntryPoint\",\"urlTemplate\":\"https:\/\/www.bicipalma.com\/palma\/ca\/?s={search_term_string}\"},\"query-input\":{\"@type\":\"PropertyValueSpecification\",\"valueRequired\":true,\"valueName\":\"search_term_string\"}}],\"inLanguage\":\"ca\"}]}<\/script>\n<!-- \/ Yoast SEO plugin. -->","yoast_head_json":{"title":"Protecci\u00f3 de dades - BiciPalma","robots":{"index":"index","follow":"follow","max-snippet":"max-snippet:-1","max-image-preview":"max-image-preview:large","max-video-preview":"max-video-preview:-1"},"canonical":"https:\/\/www.bicipalma.com\/palma\/ca\/proteccio-de-dades\/","og_locale":"ca_ES","og_type":"article","og_title":"Protecci\u00f3 de dades - BiciPalma","og_description":"[vc_row][vc_column][vc_column_text][\/vc_column_text][\/vc_column][\/vc_row]","og_url":"https:\/\/www.bicipalma.com\/palma\/ca\/proteccio-de-dades\/","og_site_name":"BiciPalma","article_modified_time":"2024-06-18T15:02:55+00:00","twitter_card":"summary_large_image","schema":{"@context":"https:\/\/schema.org","@graph":[{"@type":"WebPage","@id":"https:\/\/www.bicipalma.com\/palma\/ca\/proteccio-de-dades\/","url":"https:\/\/www.bicipalma.com\/palma\/ca\/proteccio-de-dades\/","name":"Protecci\u00f3 de dades - BiciPalma","isPartOf":{"@id":"https:\/\/www.bicipalma.com\/palma\/ca\/#website"},"datePublished":"2022-08-11T10:14:05+00:00","dateModified":"2024-06-18T15:02:55+00:00","breadcrumb":{"@id":"https:\/\/www.bicipalma.com\/palma\/ca\/proteccio-de-dades\/#breadcrumb"},"inLanguage":"ca","potentialAction":[{"@type":"ReadAction","target":["https:\/\/www.bicipalma.com\/palma\/ca\/proteccio-de-dades\/"]}]},{"@type":"BreadcrumbList","@id":"https:\/\/www.bicipalma.com\/palma\/ca\/proteccio-de-dades\/#breadcrumb","itemListElement":[{"@type":"ListItem","position":1,"name":"Startseite","item":"https:\/\/www.bicipalma.com\/palma\/ca\/"},{"@type":"ListItem","position":2,"name":"Protecci\u00f3 de dades"}]},{"@type":"WebSite","@id":"https:\/\/www.bicipalma.com\/palma\/ca\/#website","url":"https:\/\/www.bicipalma.com\/palma\/ca\/","name":"BiciPalma","description":"Eine weitere Nextbike Websites Website ","potentialAction":[{"@type":"SearchAction","target":{"@type":"EntryPoint","urlTemplate":"https:\/\/www.bicipalma.com\/palma\/ca\/?s={search_term_string}"},"query-input":{"@type":"PropertyValueSpecification","valueRequired":true,"valueName":"search_term_string"}}],"inLanguage":"ca"}]}},"_links":{"self":[{"href":"https:\/\/www.bicipalma.com\/palma\/ca\/wp-json\/wp\/v2\/pages\/519","targetHints":{"allow":["GET"]}}],"collection":[{"href":"https:\/\/www.bicipalma.com\/palma\/ca\/wp-json\/wp\/v2\/pages"}],"about":[{"href":"https:\/\/www.bicipalma.com\/palma\/ca\/wp-json\/wp\/v2\/types\/page"}],"author":[{"embeddable":true,"href":"https:\/\/www.bicipalma.com\/palma\/ca\/wp-json\/wp\/v2\/users\/5"}],"replies":[{"embeddable":true,"href":"https:\/\/www.bicipalma.com\/palma\/ca\/wp-json\/wp\/v2\/comments?post=519"}],"version-history":[{"count":2,"href":"https:\/\/www.bicipalma.com\/palma\/ca\/wp-json\/wp\/v2\/pages\/519\/revisions"}],"predecessor-version":[{"id":526,"href":"https:\/\/www.bicipalma.com\/palma\/ca\/wp-json\/wp\/v2\/pages\/519\/revisions\/526"}],"wp:attachment":[{"href":"https:\/\/www.bicipalma.com\/palma\/ca\/wp-json\/wp\/v2\/media?parent=519"}],"curies":[{"name":"wp","href":"https:\/\/api.w.org\/{rel}","templated":true}]}}

Protecció de dades

<div class="wpb-content-wrapper"><p>[vc_row][vc_column][vc_column_text]<div class="ppi_privacy ppi_content"><h1>Política de privacitat de dades</h1>
<p><strong>Nom i adreça del responsable</strong></p>
<p align="justify">L’entitat responsable, de conformitat amb el Reglament General de Protecció de Dades Personals i Llei orgànica 3/2018 de Protecció de Dades Personals i garantia de drets digitals és:</p>
<p><strong>Societat Municipal d&#8217;Aparcaments i Projectes, S.A</strong><br />
Carrer de Sant Joan de la Salle, 6<br />
07003 Palma<br />
Telèfon: <a href="tel:+34971214646">+34 971 214 646</a><br />
Adreça electrònica: <a href="mailto:bicipalma@palma.cat">bicipalma@palma.cat</a>; <a href="mailto:dpd@smap.palma.cat">dpd@smap.palma.cat</a></p>
<p><strong>Horari servei tècnic:</strong></p>
<p>De dilluns a diumenge de 7:30 a 22:30</p>
<p align="justify">La navegació a la nostra pàgina web és possible sense proporcionar dades personals. En la mesura que s’obtenguin dades personals per part nostra (per exemple nom, adreça o adreces de correu electrònic), això es realitza d’acord a les normes aplicables i la nostra política de privacitat.</p>
<p>&nbsp;</p>
<p align="justify">A continuació, us informem sobre el tipus, abast i finalitat de la recollida, ús i tractament de dades personals per part nostra en els següents textos legals.</p>
<h4 class="ppi_download_headline">Descàrregues</h4><div class="ppi_download_row ppi_row"><div class="ppi_download_col ppi_col-md-6"><p class="ppi_download_desc">Política de privacitat BiciPalma WEB (CA)</p><a aria-label="S&#039;obre en una pestanya nova" href="https://www.bicipalma.com/palma/wp-content/uploads/sites/90/2024/12/Politica-de-privacitat-Bicipalma-WEB-des24-CA.pdf" target="_blank" class="ppi_download_link"><strong>Descarregar</strong></a></div><div class="ppi_download_col ppi_col-md-6"><p class="ppi_download_desc">Data privacy policy Bicipalma WEB (EN)</p><a aria-label="S&#039;obre en una pestanya nova" href="https://www.bicipalma.com/palma/wp-content/uploads/sites/90/2024/12/Data-privacy-policy-Bicipalma-WEB-dec24-EN.pdf" target="_blank" class="ppi_download_link"><strong>Descarregar</strong></a></div></div><h4 class="ppi_download_headline"></h4><div class="ppi_download_row ppi_row"><div class="ppi_download_col ppi_col-md-6"><p class="ppi_download_desc">Política de privacitat BiciPalma APP (CA)</p><a aria-label="S&#039;obre en una pestanya nova" href="https://www.bicipalma.com/palma/wp-content/uploads/sites/90/2024/12/Politica-de-privacitat-Bicipalma-APP-des24-CA.pdf" target="_blank" class="ppi_download_link"><strong>Descarregar</strong></a></div><div class="ppi_download_col ppi_col-md-6"><p class="ppi_download_desc">Data privacy policy Bicipalma APP (EN)</p><a aria-label="S&#039;obre en una pestanya nova" href="https://www.bicipalma.com/palma/wp-content/uploads/sites/90/2024/12/Data-privacy-policy-Bicipalma-APP-dec24-EN.pdf" target="_blank" class="ppi_download_link"><strong>Descarregar</strong></a></div></div></div>[/vc_column_text][/vc_column][/vc_row]</p>
</div>

<!-- This site is optimized with the Yoast SEO plugin v27.2 - https://yoast.com/product/yoast-seo-wordpress/ -->
<title>Protecció de dades - BiciPalma</title>
<meta name="robots" content="index, follow, max-snippet:-1, max-image-preview:large, max-video-preview:-1" />
<link rel="canonical" href="https://www.bicipalma.com/palma/ca/proteccio-de-dades/" />
<meta property="og:locale" content="ca_ES" />
<meta property="og:type" content="article" />
<meta property="og:title" content="Protecció de dades - BiciPalma" />
<meta property="og:description" content="[vc_row][vc_column][vc_column_text][/vc_column_text][/vc_column][/vc_row]" />
<meta property="og:url" content="https://www.bicipalma.com/palma/ca/proteccio-de-dades/" />
<meta property="og:site_name" content="BiciPalma" />
<meta property="article:modified_time" content="2024-06-18T15:02:55+00:00" />
<meta name="twitter:card" content="summary_large_image" />
<script type="application/ld+json" class="yoast-schema-graph">{"@context":"https://schema.org","@graph":[{"@type":"WebPage","@id":"https://www.bicipalma.com/palma/ca/proteccio-de-dades/","url":"https://www.bicipalma.com/palma/ca/proteccio-de-dades/","name":"Protecció de dades - BiciPalma","isPartOf":{"@id":"https://www.bicipalma.com/palma/ca/#website"},"datePublished":"2022-08-11T10:14:05+00:00","dateModified":"2024-06-18T15:02:55+00:00","breadcrumb":{"@id":"https://www.bicipalma.com/palma/ca/proteccio-de-dades/#breadcrumb"},"inLanguage":"ca","potentialAction":[{"@type":"ReadAction","target":["https://www.bicipalma.com/palma/ca/proteccio-de-dades/"]}]},{"@type":"BreadcrumbList","@id":"https://www.bicipalma.com/palma/ca/proteccio-de-dades/#breadcrumb","itemListElement":[{"@type":"ListItem","position":1,"name":"Startseite","item":"https://www.bicipalma.com/palma/ca/"},{"@type":"ListItem","position":2,"name":"Protecció de dades"}]},{"@type":"WebSite","@id":"https://www.bicipalma.com/palma/ca/#website","url":"https://www.bicipalma.com/palma/ca/","name":"BiciPalma","description":"Eine weitere Nextbike Websites Website ","potentialAction":[{"@type":"SearchAction","target":{"@type":"EntryPoint","urlTemplate":"https://www.bicipalma.com/palma/ca/?s={search_term_string}"},"query-input":{"@type":"PropertyValueSpecification","valueRequired":true,"valueName":"search_term_string"}}],"inLanguage":"ca"}]}</script>
<!-- / Yoast SEO plugin. -->

Protecció de dades - BiciPalma
